{"id":23,"date":"2025-10-13T13:42:48","date_gmt":"2025-10-13T11:42:48","guid":{"rendered":"https:\/\/bonusowy.hellostrona.pl\/?page_id=23"},"modified":"2025-10-13T13:42:48","modified_gmt":"2025-10-13T11:42:48","slug":"wskazowki-do-etapu","status":"publish","type":"page","link":"https:\/\/bonusowy.hellostrona.pl\/?page_id=23","title":{"rendered":"Wskaz\u00f3wki do Etapu"},"content":{"rendered":"\n<p>Hej! \ud83d\ude42 <strong>Zanim przyst\u0105pisz do realizacji etapu daj mi prosz\u0119 zna\u0107<\/strong>! Zrobimy to razem, \u017ceby wszystko by\u0142o dobrze, oraz \u017cebym mog\u0142a pom\u00f3c Ci w razie potrzeby. Poni\u017cej zamieszczam niezb\u0119dne wskaz\u00f3wki. Przeczytaj je dok\u0142adnie przed rozpocz\u0119ciem wype\u0142niania wniosk\u00f3w:<\/p>\n\n\n\n<p>1\/ Pami\u0119tamy o wyczyszczeniu plik\u00f3w cookies przed rozpocz\u0119ciem sk\u0142adania wniosk\u00f3w (instrukcj\u0119 do czyszczenia plik\u00f3w znajdziesz na etapie 2)<\/p>\n\n\n\n<p>2\/ Jak wejdziesz we wniosek to wype\u0142niamy go od pocz\u0105tku do ko\u0144ca:<\/p>\n\n\n\n<p>&#8211; nie przechodzimy na inne karty, zak\u0142adki, Facebooka itd. (dymek messengera mo\u017ce by\u0107 w\u0142\u0105czony)<\/p>\n\n\n\n<p>&#8211; nie od\u015bwie\u017camy strony<\/p>\n\n\n\n<p>&#8211; nie cofamy<\/p>\n\n\n\n<p>&#8211; nie wchodzimy w \u017cadne regulaminy, klauzul\u0119, promocje, umowy, ubezpieczenia itd. (robimy tak dlatego, \u017ce w innym wypadku wniosek nie zapisze si\u0119 w systemie jako wys\u0142any)<\/p>\n\n\n\n<p>3\/ Je\u017celi masz tak\u0105 mo\u017cliwo\u015b\u0107 najlepiej wype\u0142nia\u0107 wniosek na komputerze, a jak czego\u015b nie wiesz to wtedy mo\u017cesz pisa\u0107 do mnie na telefonie<\/p>\n\n\n\n<p>4\/ Je\u017celi wype\u0142niasz na telefonie to nie otwieramy w trakcie wype\u0142niania wniosku aplikacji messenger (dymek czatu jest ok), SMS, nie odbieramy telefonu<\/p>\n\n\n\n<p>5\/ Do ka\u017cdego konta zamawiamy kart\u0119 \u2013 jest ona konieczna do zrobienia transakcji, aby uzyska\u0107 bonusy<\/p>\n\n\n\n<p>6\/ Wybieramy zawarcie umowy przez kuriera, w przypadku niekt\u00f3rych kont, mo\u017cna to zrobi\u0107 online, powiem Ci jakie to s\u0105<\/p>\n\n\n\n<p>7\/ Zaznaczamy wszystkie zgody marketingowe, s\u0105 one niezb\u0119dne do wyp\u0142aty bonus\u00f3w z banku<\/p>\n\n\n\n<p>8\/ W mBanku kart\u0119 zamawiamy <strong>poczt\u0105<\/strong><\/p>\n\n\n\n<p>9\/ Wrzu\u0107 sobie na pulpit zdj\u0119cie dowodu z obu stron, poniewa\u017c jest ono potrzebne jako za\u0142\u0105cznik w niekt\u00f3rych bankach (zdj\u0119cie musi by\u0107 wyra\u017ane, wyostrzone, jak najbli\u017cej si\u0119 da zrobione, jednak tak, \u017ceby kraw\u0119dzie nie by\u0142y uci\u0119te i wykonane w poziomie. Na samym dole przyk\u0142adowe zdj\u0119cie, obrazuj\u0105ce jak to powinno wygl\u0105da\u0107)<\/p>\n\n\n\n<p>10\/ Po ka\u017cdym wys\u0142anym wniosku daj mi zna\u0107, wtedy sprawdz\u0119 czy wniosek zapisa\u0142 si\u0119 poprawnie<\/p>\n\n\n\n<p>11\/ Je\u015bli robisz bank PEKAO SA :<\/p>\n\n\n\n<ul class=\"wp-block-list\">\n<li>Je\u015bli robisz na komputerze to p\u00f3\u017aniej ko\u0144czysz w aplikacji, lub na stronie <a href=\"https:\/\/prostodo.pl\/c?zid=40559195398&amp;tid=3431&amp;ha=376077941&amp;r=402\">oferta.pekao24.pl<\/a><\/li>\n\n\n\n<li>Je\u015bli na telefonie, to te\u017c p\u00f3\u017aniej zostaniesz przekierowany aby pobra\u0107 aplikacj\u0119, lub doko\u0144czysz na stronie <a href=\"https:\/\/prostodo.pl\/c?zid=40559195398&amp;tid=3431&amp;ha=376077941&amp;r=402\">oferta.pekao24.pl<\/a><\/li>\n\n\n\n<li><strong>PAMI\u0118TAJ<\/strong> zapisa\u0107 sobie na kartce Login i has\u0142o kt\u00f3re podasz w pierwszym kroku, bo p\u00f3\u017aniej jest problem ze login nie pasuje. Login sk\u0142ada si\u0119 z 8 liter w tym 1 musi by\u0107 du\u017ca \u2013 zapisz to sobie \ud83d\ude09<\/li>\n<\/ul>\n\n\n\n<p>12\/ Je\u015bli robisz konto <a href=\"https:\/\/prostodo.pl\/c?zid=49233169420&amp;tid=3245&amp;ha=2039833752&amp;r=2599\" target=\"_blank\" rel=\"noreferrer noopener\">BNP Paribas<\/a>:<\/p>\n\n\n\n<ul class=\"wp-block-list\">\n<li>Najpierw zg\u0142aszasz si\u0119 do promocji, potem od razu otwierasz konto \u2013 b\u0119dzie to ni\u017cej.<\/li>\n\n\n\n<li>BNP wymaga bardzo dok\u0142adnego zdj\u0119cia dowodu, najlepiej zrobionego z bliska i wyra\u017anie. W przeciwnym razie bank odrzuci wniosek.<\/li>\n<\/ul>\n\n\n\n<figure class=\"wp-block-image\"><img decoding=\"async\" src=\"https:\/\/klaudia-cesarz.pl\/wp-content\/uploads\/2023\/02\/ok-1024x579.png\" alt=\"Przyk\u0142ad dobrego zdj\u0119cia\"\/><\/figure>\n\n\n\n<figure class=\"wp-block-image\"><img decoding=\"async\" src=\"https:\/\/klaudia-cesarz.pl\/wp-content\/uploads\/2023\/02\/zle.png\" alt=\"Przyk\u0142ad z\u0142ego zdj\u0119cia 1\"\/><\/figure>\n\n\n\n<figure class=\"wp-block-image\"><img decoding=\"async\" src=\"https:\/\/klaudia-cesarz.pl\/wp-content\/uploads\/2023\/02\/zzle.png\" alt=\"Przyk\u0142ad z\u0142ego zdj\u0119cia 2\"\/><\/figure>\n","protected":false},"excerpt":{"rendered":"<p>Hej! \ud83d\ude42 Zanim przyst\u0105pisz do realizacji etapu daj mi prosz\u0119 zna\u0107! Zrobimy to razem, \u017ceby wszystko by\u0142o dobrze, oraz \u017cebym mog\u0142a pom\u00f3c Ci w razie potrzeby. Poni\u017cej zamieszczam niezb\u0119dne wskaz\u00f3wki. Przeczytaj je dok\u0142adnie przed rozpocz\u0119ciem wype\u0142niania wniosk\u00f3w: 1\/ Pami\u0119tamy o wyczyszczeniu plik\u00f3w cookies przed rozpocz\u0119ciem sk\u0142adania wniosk\u00f3w (instrukcj\u0119 do czyszczenia plik\u00f3w znajdziesz na etapie 2)&hellip;&nbsp;<a href=\"https:\/\/bonusowy.hellostrona.pl\/?page_id=23\" rel=\"bookmark\"><span class=\"screen-reader-text\">Wskaz\u00f3wki do Etapu<\/span><\/a><\/p>\n","protected":false},"author":1,"featured_media":0,"parent":0,"menu_order":0,"comment_status":"closed","ping_status":"closed","template":"","meta":{"neve_meta_sidebar":"","neve_meta_container":"","neve_meta_enable_content_width":"","neve_meta_content_width":0,"neve_meta_title_alignment":"","neve_meta_author_avatar":"","neve_post_elements_order":"","neve_meta_disable_header":"","neve_meta_disable_footer":"","neve_meta_disable_title":"","footnotes":""},"class_list":["post-23","page","type-page","status-publish","hentry"],"_links":{"self":[{"href":"https:\/\/bonusowy.hellostrona.pl\/index.php?rest_route=\/wp\/v2\/pages\/23","targetHints":{"allow":["GET"]}}],"collection":[{"href":"https:\/\/bonusowy.hellostrona.pl\/index.php?rest_route=\/wp\/v2\/pages"}],"about":[{"href":"https:\/\/bonusowy.hellostrona.pl\/index.php?rest_route=\/wp\/v2\/types\/page"}],"author":[{"embeddable":true,"href":"https:\/\/bonusowy.hellostrona.pl\/index.php?rest_route=\/wp\/v2\/users\/1"}],"replies":[{"embeddable":true,"href":"https:\/\/bonusowy.hellostrona.pl\/index.php?rest_route=%2Fwp%2Fv2%2Fcomments&post=23"}],"version-history":[{"count":1,"href":"https:\/\/bonusowy.hellostrona.pl\/index.php?rest_route=\/wp\/v2\/pages\/23\/revisions"}],"predecessor-version":[{"id":24,"href":"https:\/\/bonusowy.hellostrona.pl\/index.php?rest_route=\/wp\/v2\/pages\/23\/revisions\/24"}],"wp:attachment":[{"href":"https:\/\/bonusowy.hellostrona.pl\/index.php?rest_route=%2Fwp%2Fv2%2Fmedia&parent=23"}],"curies":[{"name":"wp","href":"https:\/\/api.w.org\/{rel}","templated":true}]}}